{"id":3294,"date":"2015-08-03T10:12:11","date_gmt":"2015-08-03T08:12:11","guid":{"rendered":"http:\/\/maler-bendfeld.de.w0137af7.kasserver.com\/?page_id=3294"},"modified":"2015-08-07T17:45:08","modified_gmt":"2015-08-07T15:45:08","slug":"ueber-uns","status":"publish","type":"page","link":"https:\/\/maler-bendfeld.de\/index.php\/ueber-uns\/","title":{"rendered":"\u00dcber uns"},"content":{"rendered":"\n<style type=\"text\/css\" data-created_by=\"avia_inline_auto\" id=\"style-css-av-av_three_fifth-352b07ef7d3bc99b2e9f92e7a9e06bdb\">\n.flex_column.av-av_three_fifth-352b07ef7d3bc99b2e9f92e7a9e06bdb{\n-webkit-border-radius:0px 0px 0px 0px;\n-moz-border-radius:0px 0px 0px 0px;\nborder-radius:0px 0px 0px 0px;\npadding:0px 0px 0px 0px;\n}\n<\/style>\n<div class='flex_column av-av_three_fifth-352b07ef7d3bc99b2e9f92e7a9e06bdb av_three_fifth  avia-builder-el-0  el_before_av_two_fifth  avia-builder-el-first  first flex_column_div av-zero-column-padding '     ><section  class='av_textblock_section av-av_textblock-0366cc7376be6c9e82a3e9cc8987b64f'  itemscope=\"itemscope\" itemtype=\"https:\/\/schema.org\/CreativeWork\" ><div class='avia_textblock'  itemprop=\"text\" ><h2>Bendfeld &#8211; Die Malermeister<\/h2>\n<h4>Das Unternehmen wurde 1958 von meinem Vater, Herrn Willy Bendfeld, gegr\u00fcndet und von mir in zweiter Generation weiter gef\u00fchrt. Nach erfolgreicher Lehre im Maler-und Lackierer-Handwerk trat ich 1986 in den elterlichen Betrieb ein und bestand 1992 die Meisterpr\u00fcfung. 2015 erfolgte die Ausbildung zur Fachkraft Lehmbau mit anschlie\u00dfender Pr\u00fcfung vor der Handwerkskammer D\u00fcsseldorf. In \u00fcber f\u00fcnfzig Jahren wurden viele Erfahrungen mit verschiedenen Materialien und handwerklichen Techniken gesammelt.<\/h4>\n<h4>Die klassischen T\u00e4tigkeiten des Malerhandwerkes bilden die Grundlage unserer Arbeiten, mit den von uns bevorzugten \u00f6kologischen Produkten, angepasst an den jeweiligen Bed\u00fcrfnissen und Anspr\u00fcchen. Durch die Mitgliedschaften in der Maler- und Lackiererinnung und im Dachverband Lehm dokumentieren wir unsere fachliche und handwerkliche Kompetenz.<\/h4>\n<h4>Seit einigen Jahren gilt meine besondere Aufmerksamkeit den \u00f6kologischen Baustoffen. Da wir einen Gro\u00dfteil unserer Zeit in geschlossenen R\u00e4umen bzw. in unseren Wohnungen verbringen, ist die Schaffung eines gesunden Raumklimas f\u00fcr das Wohlbefinden besonders wichtig. Durch die Verwendung von kunststofffreien, \u00f6kologischen Materialien k\u00f6nnen wir R\u00e4ume diffusionsoffen und schadstofffrei gestalten.<\/h4>\n<h4>Wir freuen uns auf Ihre <span style=\"color: #000080;\"><strong><a style=\"color: #000080;\" href=\"http:\/\/maler-bendfeld.de\/index.php\/pages\/kontakt\/\">Anfrage<\/a><\/strong><\/span>.<\/h4>\n<h4><img loading=\"lazy\" decoding=\"async\" class=\"alignnone size-full wp-image-3275\" src=\"http:\/\/maler-bendfeld.de\/wp-content\/uploads\/2013\/04\/signa2.png\" alt=\"signa\" width=\"340\" height=\"65\" srcset=\"https:\/\/maler-bendfeld.de\/wp-content\/uploads\/2013\/04\/signa2.png 340w, https:\/\/maler-bendfeld.de\/wp-content\/uploads\/2013\/04\/signa2-300x57.png 300w\" sizes=\"auto, (max-width: 340px) 100vw, 340px\" \/><\/h4>\n<h4>Maler- und Lackierermeister, Fachkraft Lehmbau DVL<\/h4>\n<\/div><\/section><br \/>\n\n<style type=\"text\/css\" data-created_by=\"avia_inline_auto\" id=\"style-css-av-av_hr-2cbb168f430c2703d7334a37c20dcc76\">\n#top .hr.hr-invisible.av-av_hr-2cbb168f430c2703d7334a37c20dcc76{\nheight:100px;\n}\n<\/style>\n<div  class='hr av-av_hr-2cbb168f430c2703d7334a37c20dcc76 hr-invisible  avia-builder-el-2  el_after_av_textblock  avia-builder-el-last '><span class='hr-inner '><span class=\"hr-inner-style\"><\/span><\/span><\/div><\/p><\/div>\n<style type=\"text\/css\" data-created_by=\"avia_inline_auto\" id=\"style-css-av-av_two_fifth-2a64de42b738552fe666ca889af77e28\">\n.flex_column.av-av_two_fifth-2a64de42b738552fe666ca889af77e28{\n-webkit-border-radius:0px 0px 0px 0px;\n-moz-border-radius:0px 0px 0px 0px;\nborder-radius:0px 0px 0px 0px;\npadding:0px 0px 0px 0px;\n}\n<\/style>\n<div class='flex_column av-av_two_fifth-2a64de42b738552fe666ca889af77e28 av_two_fifth  avia-builder-el-3  el_after_av_three_fifth  avia-builder-el-last  flex_column_div av-zero-column-padding '     ><p>\n<style type=\"text\/css\" data-created_by=\"avia_inline_auto\" id=\"style-css-av-av_hr-0688d0b0b6ed2f8b057db7a8270206df\">\n#top .hr.hr-invisible.av-av_hr-0688d0b0b6ed2f8b057db7a8270206df{\nheight:50px;\n}\n<\/style>\n<div  class='hr av-av_hr-0688d0b0b6ed2f8b057db7a8270206df hr-invisible  avia-builder-el-4  el_before_av_textblock  avia-builder-el-first '><span class='hr-inner '><span class=\"hr-inner-style\"><\/span><\/span><\/div><br \/>\n<section  class='av_textblock_section av-av_textblock-0366cc7376be6c9e82a3e9cc8987b64f'  itemscope=\"itemscope\" itemtype=\"https:\/\/schema.org\/CreativeWork\" ><div class='avia_textblock'  itemprop=\"text\" ><p><a href=\"http:\/\/maler-bendfeld.de\/wp-content\/uploads\/2015\/08\/meister.jpg\"><img loading=\"lazy\" decoding=\"async\" class=\" wp-image-3298\" src=\"http:\/\/maler-bendfeld.de\/wp-content\/uploads\/2015\/08\/meister-819x1024.jpg\" alt=\"SONY DSC\" width=\"498\" height=\"623\" srcset=\"https:\/\/maler-bendfeld.de\/wp-content\/uploads\/2015\/08\/meister-819x1024.jpg 819w, https:\/\/maler-bendfeld.de\/wp-content\/uploads\/2015\/08\/meister-240x300.jpg 240w, https:\/\/maler-bendfeld.de\/wp-content\/uploads\/2015\/08\/meister-1200x1500.jpg 1200w, https:\/\/maler-bendfeld.de\/wp-content\/uploads\/2015\/08\/meister-564x705.jpg 564w, https:\/\/maler-bendfeld.de\/wp-content\/uploads\/2015\/08\/meister-450x563.jpg 450w, https:\/\/maler-bendfeld.de\/wp-content\/uploads\/2015\/08\/meister.jpg 1780w\" sizes=\"auto, (max-width: 498px) 100vw, 498px\" \/><\/a><\/p>\n<\/div><\/section><\/p><\/div><\/p>\n","protected":false},"excerpt":{"rendered":"","protected":false},"author":1,"featured_media":0,"parent":0,"menu_order":0,"comment_status":"open","ping_status":"open","template":"","meta":{"footnotes":""},"class_list":["post-3294","page","type-page","status-publish","hentry"],"yoast_head":"<!-- This site is optimized with the Yoast SEO plugin v26.8 - https:\/\/yoast.com\/product\/yoast-seo-wordpress\/ -->\n<title>\u00dcber uns - Andreas Bendfeld Maler- und Lackierermeister | Fachkraft Lehmbau DVL<\/title>\n<meta name=\"robots\" content=\"index, follow, max-snippet:-1, max-image-preview:large, max-video-preview:-1\" \/>\n<link rel=\"canonical\" href=\"https:\/\/maler-bendfeld.de\/index.php\/ueber-uns\/\" \/>\n<meta property=\"og:locale\" content=\"de_DE\" \/>\n<meta property=\"og:type\" content=\"article\" \/>\n<meta property=\"og:title\" content=\"\u00dcber uns - Andreas Bendfeld Maler- und Lackierermeister | Fachkraft Lehmbau DVL\" \/>\n<meta property=\"og:url\" content=\"https:\/\/maler-bendfeld.de\/index.php\/ueber-uns\/\" \/>\n<meta property=\"og:site_name\" content=\"Andreas Bendfeld Maler- und Lackierermeister | Fachkraft Lehmbau DVL\" \/>\n<meta property=\"article:modified_time\" content=\"2015-08-07T15:45:08+00:00\" \/>\n<meta property=\"og:image\" content=\"http:\/\/maler-bendfeld.de\/wp-content\/uploads\/2013\/04\/signa2.png\" \/>\n<meta name=\"twitter:card\" content=\"summary_large_image\" \/>\n<meta name=\"twitter:label1\" content=\"Gesch\u00e4tzte Lesezeit\" \/>\n\t<meta name=\"twitter:data1\" content=\"2\u00a0Minuten\" \/>\n<script type=\"application\/ld+json\" class=\"yoast-schema-graph\">{\"@context\":\"https:\/\/schema.org\",\"@graph\":[{\"@type\":\"WebPage\",\"@id\":\"https:\/\/maler-bendfeld.de\/index.php\/ueber-uns\/\",\"url\":\"https:\/\/maler-bendfeld.de\/index.php\/ueber-uns\/\",\"name\":\"\u00dcber uns - Andreas Bendfeld Maler- und Lackierermeister | Fachkraft Lehmbau DVL\",\"isPartOf\":{\"@id\":\"https:\/\/maler-bendfeld.de\/#website\"},\"primaryImageOfPage\":{\"@id\":\"https:\/\/maler-bendfeld.de\/index.php\/ueber-uns\/#primaryimage\"},\"image\":{\"@id\":\"https:\/\/maler-bendfeld.de\/index.php\/ueber-uns\/#primaryimage\"},\"thumbnailUrl\":\"http:\/\/maler-bendfeld.de\/wp-content\/uploads\/2013\/04\/signa2.png\",\"datePublished\":\"2015-08-03T08:12:11+00:00\",\"dateModified\":\"2015-08-07T15:45:08+00:00\",\"breadcrumb\":{\"@id\":\"https:\/\/maler-bendfeld.de\/index.php\/ueber-uns\/#breadcrumb\"},\"inLanguage\":\"de\",\"potentialAction\":[{\"@type\":\"ReadAction\",\"target\":[\"https:\/\/maler-bendfeld.de\/index.php\/ueber-uns\/\"]}]},{\"@type\":\"ImageObject\",\"inLanguage\":\"de\",\"@id\":\"https:\/\/maler-bendfeld.de\/index.php\/ueber-uns\/#primaryimage\",\"url\":\"http:\/\/maler-bendfeld.de\/wp-content\/uploads\/2013\/04\/signa2.png\",\"contentUrl\":\"http:\/\/maler-bendfeld.de\/wp-content\/uploads\/2013\/04\/signa2.png\"},{\"@type\":\"BreadcrumbList\",\"@id\":\"https:\/\/maler-bendfeld.de\/index.php\/ueber-uns\/#breadcrumb\",\"itemListElement\":[{\"@type\":\"ListItem\",\"position\":1,\"name\":\"Startseite\",\"item\":\"https:\/\/maler-bendfeld.de\/\"},{\"@type\":\"ListItem\",\"position\":2,\"name\":\"\u00dcber uns\"}]},{\"@type\":\"WebSite\",\"@id\":\"https:\/\/maler-bendfeld.de\/#website\",\"url\":\"https:\/\/maler-bendfeld.de\/\",\"name\":\"Andreas Bendfeld Maler- und Lackierermeister | Fachkraft Lehmbau DVL\",\"description\":\"in D\u00fcsseldorf, Neuss, Kaarst und Umgebung\",\"potentialAction\":[{\"@type\":\"SearchAction\",\"target\":{\"@type\":\"EntryPoint\",\"urlTemplate\":\"https:\/\/maler-bendfeld.de\/?s={search_term_string}\"},\"query-input\":{\"@type\":\"PropertyValueSpecification\",\"valueRequired\":true,\"valueName\":\"search_term_string\"}}],\"inLanguage\":\"de\"}]}<\/script>\n<!-- \/ Yoast SEO plugin. -->","yoast_head_json":{"title":"\u00dcber uns - Andreas Bendfeld Maler- und Lackierermeister | Fachkraft Lehmbau DVL","robots":{"index":"index","follow":"follow","max-snippet":"max-snippet:-1","max-image-preview":"max-image-preview:large","max-video-preview":"max-video-preview:-1"},"canonical":"https:\/\/maler-bendfeld.de\/index.php\/ueber-uns\/","og_locale":"de_DE","og_type":"article","og_title":"\u00dcber uns - Andreas Bendfeld Maler- und Lackierermeister | Fachkraft Lehmbau DVL","og_url":"https:\/\/maler-bendfeld.de\/index.php\/ueber-uns\/","og_site_name":"Andreas Bendfeld Maler- und Lackierermeister | Fachkraft Lehmbau DVL","article_modified_time":"2015-08-07T15:45:08+00:00","og_image":[{"url":"http:\/\/maler-bendfeld.de\/wp-content\/uploads\/2013\/04\/signa2.png","type":"","width":"","height":""}],"twitter_card":"summary_large_image","twitter_misc":{"Gesch\u00e4tzte Lesezeit":"2\u00a0Minuten"},"schema":{"@context":"https:\/\/schema.org","@graph":[{"@type":"WebPage","@id":"https:\/\/maler-bendfeld.de\/index.php\/ueber-uns\/","url":"https:\/\/maler-bendfeld.de\/index.php\/ueber-uns\/","name":"\u00dcber uns - Andreas Bendfeld Maler- und Lackierermeister | Fachkraft Lehmbau DVL","isPartOf":{"@id":"https:\/\/maler-bendfeld.de\/#website"},"primaryImageOfPage":{"@id":"https:\/\/maler-bendfeld.de\/index.php\/ueber-uns\/#primaryimage"},"image":{"@id":"https:\/\/maler-bendfeld.de\/index.php\/ueber-uns\/#primaryimage"},"thumbnailUrl":"http:\/\/maler-bendfeld.de\/wp-content\/uploads\/2013\/04\/signa2.png","datePublished":"2015-08-03T08:12:11+00:00","dateModified":"2015-08-07T15:45:08+00:00","breadcrumb":{"@id":"https:\/\/maler-bendfeld.de\/index.php\/ueber-uns\/#breadcrumb"},"inLanguage":"de","potentialAction":[{"@type":"ReadAction","target":["https:\/\/maler-bendfeld.de\/index.php\/ueber-uns\/"]}]},{"@type":"ImageObject","inLanguage":"de","@id":"https:\/\/maler-bendfeld.de\/index.php\/ueber-uns\/#primaryimage","url":"http:\/\/maler-bendfeld.de\/wp-content\/uploads\/2013\/04\/signa2.png","contentUrl":"http:\/\/maler-bendfeld.de\/wp-content\/uploads\/2013\/04\/signa2.png"},{"@type":"BreadcrumbList","@id":"https:\/\/maler-bendfeld.de\/index.php\/ueber-uns\/#breadcrumb","itemListElement":[{"@type":"ListItem","position":1,"name":"Startseite","item":"https:\/\/maler-bendfeld.de\/"},{"@type":"ListItem","position":2,"name":"\u00dcber uns"}]},{"@type":"WebSite","@id":"https:\/\/maler-bendfeld.de\/#website","url":"https:\/\/maler-bendfeld.de\/","name":"Andreas Bendfeld Maler- und Lackierermeister | Fachkraft Lehmbau DVL","description":"in D\u00fcsseldorf, Neuss, Kaarst und Umgebung","potentialAction":[{"@type":"SearchAction","target":{"@type":"EntryPoint","urlTemplate":"https:\/\/maler-bendfeld.de\/?s={search_term_string}"},"query-input":{"@type":"PropertyValueSpecification","valueRequired":true,"valueName":"search_term_string"}}],"inLanguage":"de"}]}},"_links":{"self":[{"href":"https:\/\/maler-bendfeld.de\/index.php\/wp-json\/wp\/v2\/pages\/3294","targetHints":{"allow":["GET"]}}],"collection":[{"href":"https:\/\/maler-bendfeld.de\/index.php\/wp-json\/wp\/v2\/pages"}],"about":[{"href":"https:\/\/maler-bendfeld.de\/index.php\/wp-json\/wp\/v2\/types\/page"}],"author":[{"embeddable":true,"href":"https:\/\/maler-bendfeld.de\/index.php\/wp-json\/wp\/v2\/users\/1"}],"replies":[{"embeddable":true,"href":"https:\/\/maler-bendfeld.de\/index.php\/wp-json\/wp\/v2\/comments?post=3294"}],"version-history":[{"count":0,"href":"https:\/\/maler-bendfeld.de\/index.php\/wp-json\/wp\/v2\/pages\/3294\/revisions"}],"wp:attachment":[{"href":"https:\/\/maler-bendfeld.de\/index.php\/wp-json\/wp\/v2\/media?parent=3294"}],"curies":[{"name":"wp","href":"https:\/\/api.w.org\/{rel}","templated":true}]}}

Über uns

<style type="text/css" data-created_by="avia_inline_auto" id="style-css-av-av_three_fifth-352b07ef7d3bc99b2e9f92e7a9e06bdb">
.flex_column.av-av_three_fifth-352b07ef7d3bc99b2e9f92e7a9e06bdb{
-webkit-border-radius:0px 0px 0px 0px;
-moz-border-radius:0px 0px 0px 0px;
border-radius:0px 0px 0px 0px;
padding:0px 0px 0px 0px;
}
</style>
<div class='flex_column av-av_three_fifth-352b07ef7d3bc99b2e9f92e7a9e06bdb av_three_fifth  avia-builder-el-0  el_before_av_two_fifth  avia-builder-el-first  first flex_column_div av-zero-column-padding '     ><section  class='av_textblock_section av-av_textblock-0366cc7376be6c9e82a3e9cc8987b64f'  itemscope="itemscope" itemtype="https://schema.org/CreativeWork" ><div class='avia_textblock'  itemprop="text" ><h2>Bendfeld &#8211; Die Malermeister</h2>
<h4>Das Unternehmen wurde 1958 von meinem Vater, Herrn Willy Bendfeld, gegründet und von mir in zweiter Generation weiter geführt. Nach erfolgreicher Lehre im Maler-und Lackierer-Handwerk trat ich 1986 in den elterlichen Betrieb ein und bestand 1992 die Meisterprüfung. 2015 erfolgte die Ausbildung zur Fachkraft Lehmbau mit anschließender Prüfung vor der Handwerkskammer Düsseldorf. In über fünfzig Jahren wurden viele Erfahrungen mit verschiedenen Materialien und handwerklichen Techniken gesammelt.</h4>
<h4>Die klassischen Tätigkeiten des Malerhandwerkes bilden die Grundlage unserer Arbeiten, mit den von uns bevorzugten ökologischen Produkten, angepasst an den jeweiligen Bedürfnissen und Ansprüchen. Durch die Mitgliedschaften in der Maler- und Lackiererinnung und im Dachverband Lehm dokumentieren wir unsere fachliche und handwerkliche Kompetenz.</h4>
<h4>Seit einigen Jahren gilt meine besondere Aufmerksamkeit den ökologischen Baustoffen. Da wir einen Großteil unserer Zeit in geschlossenen Räumen bzw. in unseren Wohnungen verbringen, ist die Schaffung eines gesunden Raumklimas für das Wohlbefinden besonders wichtig. Durch die Verwendung von kunststofffreien, ökologischen Materialien können wir Räume diffusionsoffen und schadstofffrei gestalten.</h4>
<h4>Wir freuen uns auf Ihre <span style="color: #000080;"><strong><a style="color: #000080;" href="http://maler-bendfeld.de/index.php/pages/kontakt/">Anfrage</a></strong></span>.</h4>
<h4><img loading="lazy" decoding="async" class="alignnone size-full wp-image-3275" src="http://maler-bendfeld.de/wp-content/uploads/2013/04/signa2.png" alt="signa" width="340" height="65" srcset="https://maler-bendfeld.de/wp-content/uploads/2013/04/signa2.png 340w, https://maler-bendfeld.de/wp-content/uploads/2013/04/signa2-300x57.png 300w" sizes="auto, (max-width: 340px) 100vw, 340px" /></h4>
<h4>Maler- und Lackierermeister, Fachkraft Lehmbau DVL</h4>
</div></section><br />

<style type="text/css" data-created_by="avia_inline_auto" id="style-css-av-av_hr-2cbb168f430c2703d7334a37c20dcc76">
#top .hr.hr-invisible.av-av_hr-2cbb168f430c2703d7334a37c20dcc76{
height:100px;
}
</style>
<div  class='hr av-av_hr-2cbb168f430c2703d7334a37c20dcc76 hr-invisible  avia-builder-el-2  el_after_av_textblock  avia-builder-el-last '><span class='hr-inner '><span class="hr-inner-style"></span></span></div></p></div>
<style type="text/css" data-created_by="avia_inline_auto" id="style-css-av-av_two_fifth-2a64de42b738552fe666ca889af77e28">
.flex_column.av-av_two_fifth-2a64de42b738552fe666ca889af77e28{
-webkit-border-radius:0px 0px 0px 0px;
-moz-border-radius:0px 0px 0px 0px;
border-radius:0px 0px 0px 0px;
padding:0px 0px 0px 0px;
}
</style>
<div class='flex_column av-av_two_fifth-2a64de42b738552fe666ca889af77e28 av_two_fifth  avia-builder-el-3  el_after_av_three_fifth  avia-builder-el-last  flex_column_div av-zero-column-padding '     ><p>
<style type="text/css" data-created_by="avia_inline_auto" id="style-css-av-av_hr-0688d0b0b6ed2f8b057db7a8270206df">
#top .hr.hr-invisible.av-av_hr-0688d0b0b6ed2f8b057db7a8270206df{
height:50px;
}
</style>
<div  class='hr av-av_hr-0688d0b0b6ed2f8b057db7a8270206df hr-invisible  avia-builder-el-4  el_before_av_textblock  avia-builder-el-first '><span class='hr-inner '><span class="hr-inner-style"></span></span></div><br />
<section  class='av_textblock_section av-av_textblock-0366cc7376be6c9e82a3e9cc8987b64f'  itemscope="itemscope" itemtype="https://schema.org/CreativeWork" ><div class='avia_textblock'  itemprop="text" ><p><a href="http://maler-bendfeld.de/wp-content/uploads/2015/08/meister.jpg"><img loading="lazy" decoding="async" class=" wp-image-3298" src="http://maler-bendfeld.de/wp-content/uploads/2015/08/meister-819x1024.jpg" alt="SONY DSC" width="498" height="623" srcset="https://maler-bendfeld.de/wp-content/uploads/2015/08/meister-819x1024.jpg 819w, https://maler-bendfeld.de/wp-content/uploads/2015/08/meister-240x300.jpg 240w, https://maler-bendfeld.de/wp-content/uploads/2015/08/meister-1200x1500.jpg 1200w, https://maler-bendfeld.de/wp-content/uploads/2015/08/meister-564x705.jpg 564w, https://maler-bendfeld.de/wp-content/uploads/2015/08/meister-450x563.jpg 450w, https://maler-bendfeld.de/wp-content/uploads/2015/08/meister.jpg 1780w" sizes="auto, (max-width: 498px) 100vw, 498px" /></a></p>
</div></section></p></div></p>

<!-- This site is optimized with the Yoast SEO plugin v26.8 - https://yoast.com/product/yoast-seo-wordpress/ -->
<title>Über uns - Andreas Bendfeld Maler- und Lackierermeister | Fachkraft Lehmbau DVL</title>
<meta name="robots" content="index, follow, max-snippet:-1, max-image-preview:large, max-video-preview:-1" />
<link rel="canonical" href="https://maler-bendfeld.de/index.php/ueber-uns/" />
<meta property="og:locale" content="de_DE" />
<meta property="og:type" content="article" />
<meta property="og:title" content="Über uns - Andreas Bendfeld Maler- und Lackierermeister | Fachkraft Lehmbau DVL" />
<meta property="og:url" content="https://maler-bendfeld.de/index.php/ueber-uns/" />
<meta property="og:site_name" content="Andreas Bendfeld Maler- und Lackierermeister | Fachkraft Lehmbau DVL" />
<meta property="article:modified_time" content="2015-08-07T15:45:08+00:00" />
<meta property="og:image" content="http://maler-bendfeld.de/wp-content/uploads/2013/04/signa2.png" />
<meta name="twitter:card" content="summary_large_image" />
<meta name="twitter:label1" content="Geschätzte Lesezeit" />
	<meta name="twitter:data1" content="2 Minuten" />
<script type="application/ld+json" class="yoast-schema-graph">{"@context":"https://schema.org","@graph":[{"@type":"WebPage","@id":"https://maler-bendfeld.de/index.php/ueber-uns/","url":"https://maler-bendfeld.de/index.php/ueber-uns/","name":"Über uns - Andreas Bendfeld Maler- und Lackierermeister | Fachkraft Lehmbau DVL","isPartOf":{"@id":"https://maler-bendfeld.de/#website"},"primaryImageOfPage":{"@id":"https://maler-bendfeld.de/index.php/ueber-uns/#primaryimage"},"image":{"@id":"https://maler-bendfeld.de/index.php/ueber-uns/#primaryimage"},"thumbnailUrl":"http://maler-bendfeld.de/wp-content/uploads/2013/04/signa2.png","datePublished":"2015-08-03T08:12:11+00:00","dateModified":"2015-08-07T15:45:08+00:00","breadcrumb":{"@id":"https://maler-bendfeld.de/index.php/ueber-uns/#breadcrumb"},"inLanguage":"de","potentialAction":[{"@type":"ReadAction","target":["https://maler-bendfeld.de/index.php/ueber-uns/"]}]},{"@type":"ImageObject","inLanguage":"de","@id":"https://maler-bendfeld.de/index.php/ueber-uns/#primaryimage","url":"http://maler-bendfeld.de/wp-content/uploads/2013/04/signa2.png","contentUrl":"http://maler-bendfeld.de/wp-content/uploads/2013/04/signa2.png"},{"@type":"BreadcrumbList","@id":"https://maler-bendfeld.de/index.php/ueber-uns/#breadcrumb","itemListElement":[{"@type":"ListItem","position":1,"name":"Startseite","item":"https://maler-bendfeld.de/"},{"@type":"ListItem","position":2,"name":"Über uns"}]},{"@type":"WebSite","@id":"https://maler-bendfeld.de/#website","url":"https://maler-bendfeld.de/","name":"Andreas Bendfeld Maler- und Lackierermeister | Fachkraft Lehmbau DVL","description":"in Düsseldorf, Neuss, Kaarst und Umgebung","potentialAction":[{"@type":"SearchAction","target":{"@type":"EntryPoint","urlTemplate":"https://maler-bendfeld.de/?s={search_term_string}"},"query-input":{"@type":"PropertyValueSpecification","valueRequired":true,"valueName":"search_term_string"}}],"inLanguage":"de"}]}</script>
<!-- / Yoast SEO plugin. -->

Über uns - Andreas Bendfeld Maler- und Lackierermeister | Fachkraft Lehmbau DVL

in Düsseldorf, Neuss, Kaarst und Umgebung
