{"id":3307,"date":"2015-08-03T10:25:59","date_gmt":"2015-08-03T08:25:59","guid":{"rendered":"http:\/\/maler-bendfeld.de.w0137af7.kasserver.com\/?page_id=3307"},"modified":"2015-08-03T23:45:21","modified_gmt":"2015-08-03T21:45:21","slug":"kalk","status":"publish","type":"page","link":"https:\/\/maler-bendfeld.de\/index.php\/kalk\/","title":{"rendered":"Kalk"},"content":{"rendered":"\n<style type=\"text\/css\" data-created_by=\"avia_inline_auto\" id=\"style-css-av-av_one_half-352b07ef7d3bc99b2e9f92e7a9e06bdb\">\n.flex_column.av-av_one_half-352b07ef7d3bc99b2e9f92e7a9e06bdb{\n-webkit-border-radius:0px 0px 0px 0px;\n-moz-border-radius:0px 0px 0px 0px;\nborder-radius:0px 0px 0px 0px;\npadding:0px 0px 0px 0px;\n}\n<\/style>\n<div class='flex_column av-av_one_half-352b07ef7d3bc99b2e9f92e7a9e06bdb av_one_half  avia-builder-el-0  el_before_av_one_half  avia-builder-el-first  first flex_column_div av-zero-column-padding '     ><p>\n<style type=\"text\/css\" data-created_by=\"avia_inline_auto\" id=\"style-css-av-av_hr-ee2847e2e025ce3d30801259a03f9fd4\">\n#top .hr.hr-invisible.av-av_hr-ee2847e2e025ce3d30801259a03f9fd4{\nheight:10px;\n}\n<\/style>\n<div  class='hr av-av_hr-ee2847e2e025ce3d30801259a03f9fd4 hr-invisible  avia-builder-el-1  el_before_av_textblock  avia-builder-el-first '><span class='hr-inner '><span class=\"hr-inner-style\"><\/span><\/span><\/div><br \/>\n<section  class='av_textblock_section av-av_textblock-0366cc7376be6c9e82a3e9cc8987b64f'  itemscope=\"itemscope\" itemtype=\"https:\/\/schema.org\/CreativeWork\" ><div class='avia_textblock'  itemprop=\"text\" ><h2>Atmungsaktive W\u00e4nde durch Kalk<\/h2>\n<h4>Gebrannter Kalk ist seit der Antike als hervorragendes Baumaterial bekannt. Schon damals wusste man, dass Naturkalk als Wandfarbe bzw. Putz die nat\u00fcrlichste und beste Methode ist, Schimmel aus Wohnr\u00e4umen fernzuhalten. Kalk wird in unserer Zeit zur dekorativen und hygienischen Wandgestaltung langsam wiederentdeckt. Er bleibt an der Wand atmungsaktiv (diffusionsoffen) und hat von Natur aus eine desinfizierende Wirkung. Kalkfarben und Putze sind hochatmungsaktiv, absolut l\u00f6semittelfrei, feuchtigkeitsregulierend und f\u00fcr den Innen- und Au\u00dfenbereich geeignet. Kalk ergibt sch\u00f6ne, matte Oberfl\u00e4chen von h\u00f6chster biologischer Qualit\u00e4t und einer einzigartigen Farbbrillanz.<\/h4>\n<\/div><\/section><br \/>\n\n<style type=\"text\/css\" data-created_by=\"avia_inline_auto\" id=\"style-css-av-av_hr-a6de236e6c183bbbd700292deacd2b52\">\n#top .hr.hr-invisible.av-av_hr-a6de236e6c183bbbd700292deacd2b52{\nheight:20px;\n}\n<\/style>\n<div  class='hr av-av_hr-a6de236e6c183bbbd700292deacd2b52 hr-invisible  avia-builder-el-3  el_after_av_textblock  el_before_av_textblock '><span class='hr-inner '><span class=\"hr-inner-style\"><\/span><\/span><\/div><br \/>\n<section  class='av_textblock_section av-av_textblock-0366cc7376be6c9e82a3e9cc8987b64f'  itemscope=\"itemscope\" itemtype=\"https:\/\/schema.org\/CreativeWork\" ><div class='avia_textblock'  itemprop=\"text\" ><h4>Mehr Informationen zum Baustoff Kalk<\/h4>\n<h4><span style=\"color: #000080;\"><strong>Baustoffhersteller Haga <a style=\"color: #000080;\" href=\"http:\/\/www.haganatur.ch\">www.haganatur.ch<\/a><\/strong><\/span><\/h4>\n<\/div><\/section><br \/>\n\n<style type=\"text\/css\" data-created_by=\"avia_inline_auto\" id=\"style-css-av-av_hr-0688d0b0b6ed2f8b057db7a8270206df\">\n#top .hr.hr-invisible.av-av_hr-0688d0b0b6ed2f8b057db7a8270206df{\nheight:50px;\n}\n<\/style>\n<div  class='hr av-av_hr-0688d0b0b6ed2f8b057db7a8270206df hr-invisible  avia-builder-el-5  el_after_av_textblock  avia-builder-el-last '><span class='hr-inner '><span class=\"hr-inner-style\"><\/span><\/span><\/div><\/p><\/div>\n<style type=\"text\/css\" data-created_by=\"avia_inline_auto\" id=\"style-css-av-av_one_half-2a64de42b738552fe666ca889af77e28\">\n.flex_column.av-av_one_half-2a64de42b738552fe666ca889af77e28{\n-webkit-border-radius:0px 0px 0px 0px;\n-moz-border-radius:0px 0px 0px 0px;\nborder-radius:0px 0px 0px 0px;\npadding:0px 0px 0px 0px;\n}\n<\/style>\n<div class='flex_column av-av_one_half-2a64de42b738552fe666ca889af77e28 av_one_half  avia-builder-el-6  el_after_av_one_half  avia-builder-el-last  flex_column_div av-zero-column-padding '     ><p>\n<style type=\"text\/css\" data-created_by=\"avia_inline_auto\" id=\"style-css-av-av_hr-82badf901ce3dea894b5eb42b395baab\">\n#top .hr.hr-invisible.av-av_hr-82badf901ce3dea894b5eb42b395baab{\nheight:60px;\n}\n<\/style>\n<div  class='hr av-av_hr-82badf901ce3dea894b5eb42b395baab hr-invisible  avia-builder-el-7  el_before_av_textblock  avia-builder-el-first '><span class='hr-inner '><span class=\"hr-inner-style\"><\/span><\/span><\/div><br \/>\n<section  class='av_textblock_section av-av_textblock-0366cc7376be6c9e82a3e9cc8987b64f'  itemscope=\"itemscope\" itemtype=\"https:\/\/schema.org\/CreativeWork\" ><div class='avia_textblock'  itemprop=\"text\" ><\/div><\/section><br \/>\n<section  class='av_textblock_section av-av_textblock-0366cc7376be6c9e82a3e9cc8987b64f'  itemscope=\"itemscope\" itemtype=\"https:\/\/schema.org\/CreativeWork\" ><div class='avia_textblock'  itemprop=\"text\" ><p><img loading=\"lazy\" decoding=\"async\" class=\" wp-image-3313\" src=\"http:\/\/maler-bendfeld.de\/wp-content\/uploads\/2015\/08\/kalk-1024x685.jpg\" alt=\"SONY DSC\" width=\"698\" height=\"467\" srcset=\"https:\/\/maler-bendfeld.de\/wp-content\/uploads\/2015\/08\/kalk-1024x685.jpg 1024w, https:\/\/maler-bendfeld.de\/wp-content\/uploads\/2015\/08\/kalk-300x201.jpg 300w, https:\/\/maler-bendfeld.de\/wp-content\/uploads\/2015\/08\/kalk-705x472.jpg 705w, https:\/\/maler-bendfeld.de\/wp-content\/uploads\/2015\/08\/kalk-450x301.jpg 450w, https:\/\/maler-bendfeld.de\/wp-content\/uploads\/2015\/08\/kalk.jpg 1300w\" sizes=\"auto, (max-width: 698px) 100vw, 698px\" \/><\/p>\n<\/div><\/section><\/p><\/div><\/p>\n","protected":false},"excerpt":{"rendered":"","protected":false},"author":1,"featured_media":0,"parent":0,"menu_order":0,"comment_status":"open","ping_status":"open","template":"","meta":{"footnotes":""},"class_list":["post-3307","page","type-page","status-publish","hentry"],"yoast_head":"<!-- This site is optimized with the Yoast SEO plugin v26.8 - https:\/\/yoast.com\/product\/yoast-seo-wordpress\/ -->\n<title>Kalk - Andreas Bendfeld Maler- und Lackierermeister | Fachkraft Lehmbau DVL<\/title>\n<meta name=\"robots\" content=\"index, follow, max-snippet:-1, max-image-preview:large, max-video-preview:-1\" \/>\n<link rel=\"canonical\" href=\"https:\/\/maler-bendfeld.de\/index.php\/kalk\/\" \/>\n<meta property=\"og:locale\" content=\"de_DE\" \/>\n<meta property=\"og:type\" content=\"article\" \/>\n<meta property=\"og:title\" content=\"Kalk - Andreas Bendfeld Maler- und Lackierermeister | Fachkraft Lehmbau DVL\" \/>\n<meta property=\"og:url\" content=\"https:\/\/maler-bendfeld.de\/index.php\/kalk\/\" \/>\n<meta property=\"og:site_name\" content=\"Andreas Bendfeld Maler- und Lackierermeister | Fachkraft Lehmbau DVL\" \/>\n<meta property=\"article:modified_time\" content=\"2015-08-03T21:45:21+00:00\" \/>\n<meta property=\"og:image\" content=\"http:\/\/maler-bendfeld.de\/wp-content\/uploads\/2015\/08\/kalk-1024x685.jpg\" \/>\n<meta name=\"twitter:card\" content=\"summary_large_image\" \/>\n<meta name=\"twitter:label1\" content=\"Gesch\u00e4tzte Lesezeit\" \/>\n\t<meta name=\"twitter:data1\" content=\"2\u00a0Minuten\" \/>\n<script type=\"application\/ld+json\" class=\"yoast-schema-graph\">{\"@context\":\"https:\/\/schema.org\",\"@graph\":[{\"@type\":\"WebPage\",\"@id\":\"https:\/\/maler-bendfeld.de\/index.php\/kalk\/\",\"url\":\"https:\/\/maler-bendfeld.de\/index.php\/kalk\/\",\"name\":\"Kalk - Andreas Bendfeld Maler- und Lackierermeister | Fachkraft Lehmbau DVL\",\"isPartOf\":{\"@id\":\"https:\/\/maler-bendfeld.de\/#website\"},\"primaryImageOfPage\":{\"@id\":\"https:\/\/maler-bendfeld.de\/index.php\/kalk\/#primaryimage\"},\"image\":{\"@id\":\"https:\/\/maler-bendfeld.de\/index.php\/kalk\/#primaryimage\"},\"thumbnailUrl\":\"http:\/\/maler-bendfeld.de\/wp-content\/uploads\/2015\/08\/kalk-1024x685.jpg\",\"datePublished\":\"2015-08-03T08:25:59+00:00\",\"dateModified\":\"2015-08-03T21:45:21+00:00\",\"breadcrumb\":{\"@id\":\"https:\/\/maler-bendfeld.de\/index.php\/kalk\/#breadcrumb\"},\"inLanguage\":\"de\",\"potentialAction\":[{\"@type\":\"ReadAction\",\"target\":[\"https:\/\/maler-bendfeld.de\/index.php\/kalk\/\"]}]},{\"@type\":\"ImageObject\",\"inLanguage\":\"de\",\"@id\":\"https:\/\/maler-bendfeld.de\/index.php\/kalk\/#primaryimage\",\"url\":\"http:\/\/maler-bendfeld.de\/wp-content\/uploads\/2015\/08\/kalk-1024x685.jpg\",\"contentUrl\":\"http:\/\/maler-bendfeld.de\/wp-content\/uploads\/2015\/08\/kalk-1024x685.jpg\"},{\"@type\":\"BreadcrumbList\",\"@id\":\"https:\/\/maler-bendfeld.de\/index.php\/kalk\/#breadcrumb\",\"itemListElement\":[{\"@type\":\"ListItem\",\"position\":1,\"name\":\"Startseite\",\"item\":\"https:\/\/maler-bendfeld.de\/\"},{\"@type\":\"ListItem\",\"position\":2,\"name\":\"Kalk\"}]},{\"@type\":\"WebSite\",\"@id\":\"https:\/\/maler-bendfeld.de\/#website\",\"url\":\"https:\/\/maler-bendfeld.de\/\",\"name\":\"Andreas Bendfeld Maler- und Lackierermeister | Fachkraft Lehmbau DVL\",\"description\":\"in D\u00fcsseldorf, Neuss, Kaarst und Umgebung\",\"potentialAction\":[{\"@type\":\"SearchAction\",\"target\":{\"@type\":\"EntryPoint\",\"urlTemplate\":\"https:\/\/maler-bendfeld.de\/?s={search_term_string}\"},\"query-input\":{\"@type\":\"PropertyValueSpecification\",\"valueRequired\":true,\"valueName\":\"search_term_string\"}}],\"inLanguage\":\"de\"}]}<\/script>\n<!-- \/ Yoast SEO plugin. -->","yoast_head_json":{"title":"Kalk - Andreas Bendfeld Maler- und Lackierermeister | Fachkraft Lehmbau DVL","robots":{"index":"index","follow":"follow","max-snippet":"max-snippet:-1","max-image-preview":"max-image-preview:large","max-video-preview":"max-video-preview:-1"},"canonical":"https:\/\/maler-bendfeld.de\/index.php\/kalk\/","og_locale":"de_DE","og_type":"article","og_title":"Kalk - Andreas Bendfeld Maler- und Lackierermeister | Fachkraft Lehmbau DVL","og_url":"https:\/\/maler-bendfeld.de\/index.php\/kalk\/","og_site_name":"Andreas Bendfeld Maler- und Lackierermeister | Fachkraft Lehmbau DVL","article_modified_time":"2015-08-03T21:45:21+00:00","og_image":[{"url":"http:\/\/maler-bendfeld.de\/wp-content\/uploads\/2015\/08\/kalk-1024x685.jpg","type":"","width":"","height":""}],"twitter_card":"summary_large_image","twitter_misc":{"Gesch\u00e4tzte Lesezeit":"2\u00a0Minuten"},"schema":{"@context":"https:\/\/schema.org","@graph":[{"@type":"WebPage","@id":"https:\/\/maler-bendfeld.de\/index.php\/kalk\/","url":"https:\/\/maler-bendfeld.de\/index.php\/kalk\/","name":"Kalk - Andreas Bendfeld Maler- und Lackierermeister | Fachkraft Lehmbau DVL","isPartOf":{"@id":"https:\/\/maler-bendfeld.de\/#website"},"primaryImageOfPage":{"@id":"https:\/\/maler-bendfeld.de\/index.php\/kalk\/#primaryimage"},"image":{"@id":"https:\/\/maler-bendfeld.de\/index.php\/kalk\/#primaryimage"},"thumbnailUrl":"http:\/\/maler-bendfeld.de\/wp-content\/uploads\/2015\/08\/kalk-1024x685.jpg","datePublished":"2015-08-03T08:25:59+00:00","dateModified":"2015-08-03T21:45:21+00:00","breadcrumb":{"@id":"https:\/\/maler-bendfeld.de\/index.php\/kalk\/#breadcrumb"},"inLanguage":"de","potentialAction":[{"@type":"ReadAction","target":["https:\/\/maler-bendfeld.de\/index.php\/kalk\/"]}]},{"@type":"ImageObject","inLanguage":"de","@id":"https:\/\/maler-bendfeld.de\/index.php\/kalk\/#primaryimage","url":"http:\/\/maler-bendfeld.de\/wp-content\/uploads\/2015\/08\/kalk-1024x685.jpg","contentUrl":"http:\/\/maler-bendfeld.de\/wp-content\/uploads\/2015\/08\/kalk-1024x685.jpg"},{"@type":"BreadcrumbList","@id":"https:\/\/maler-bendfeld.de\/index.php\/kalk\/#breadcrumb","itemListElement":[{"@type":"ListItem","position":1,"name":"Startseite","item":"https:\/\/maler-bendfeld.de\/"},{"@type":"ListItem","position":2,"name":"Kalk"}]},{"@type":"WebSite","@id":"https:\/\/maler-bendfeld.de\/#website","url":"https:\/\/maler-bendfeld.de\/","name":"Andreas Bendfeld Maler- und Lackierermeister | Fachkraft Lehmbau DVL","description":"in D\u00fcsseldorf, Neuss, Kaarst und Umgebung","potentialAction":[{"@type":"SearchAction","target":{"@type":"EntryPoint","urlTemplate":"https:\/\/maler-bendfeld.de\/?s={search_term_string}"},"query-input":{"@type":"PropertyValueSpecification","valueRequired":true,"valueName":"search_term_string"}}],"inLanguage":"de"}]}},"_links":{"self":[{"href":"https:\/\/maler-bendfeld.de\/index.php\/wp-json\/wp\/v2\/pages\/3307","targetHints":{"allow":["GET"]}}],"collection":[{"href":"https:\/\/maler-bendfeld.de\/index.php\/wp-json\/wp\/v2\/pages"}],"about":[{"href":"https:\/\/maler-bendfeld.de\/index.php\/wp-json\/wp\/v2\/types\/page"}],"author":[{"embeddable":true,"href":"https:\/\/maler-bendfeld.de\/index.php\/wp-json\/wp\/v2\/users\/1"}],"replies":[{"embeddable":true,"href":"https:\/\/maler-bendfeld.de\/index.php\/wp-json\/wp\/v2\/comments?post=3307"}],"version-history":[{"count":0,"href":"https:\/\/maler-bendfeld.de\/index.php\/wp-json\/wp\/v2\/pages\/3307\/revisions"}],"wp:attachment":[{"href":"https:\/\/maler-bendfeld.de\/index.php\/wp-json\/wp\/v2\/media?parent=3307"}],"curies":[{"name":"wp","href":"https:\/\/api.w.org\/{rel}","templated":true}]}}

<style type="text/css" data-created_by="avia_inline_auto" id="style-css-av-av_one_half-352b07ef7d3bc99b2e9f92e7a9e06bdb">
.flex_column.av-av_one_half-352b07ef7d3bc99b2e9f92e7a9e06bdb{
-webkit-border-radius:0px 0px 0px 0px;
-moz-border-radius:0px 0px 0px 0px;
border-radius:0px 0px 0px 0px;
padding:0px 0px 0px 0px;
}
</style>
<div class='flex_column av-av_one_half-352b07ef7d3bc99b2e9f92e7a9e06bdb av_one_half  avia-builder-el-0  el_before_av_one_half  avia-builder-el-first  first flex_column_div av-zero-column-padding '     ><p>
<style type="text/css" data-created_by="avia_inline_auto" id="style-css-av-av_hr-ee2847e2e025ce3d30801259a03f9fd4">
#top .hr.hr-invisible.av-av_hr-ee2847e2e025ce3d30801259a03f9fd4{
height:10px;
}
</style>
<div  class='hr av-av_hr-ee2847e2e025ce3d30801259a03f9fd4 hr-invisible  avia-builder-el-1  el_before_av_textblock  avia-builder-el-first '><span class='hr-inner '><span class="hr-inner-style"></span></span></div><br />
<section  class='av_textblock_section av-av_textblock-0366cc7376be6c9e82a3e9cc8987b64f'  itemscope="itemscope" itemtype="https://schema.org/CreativeWork" ><div class='avia_textblock'  itemprop="text" ><h2>Atmungsaktive Wände durch Kalk</h2>
<h4>Gebrannter Kalk ist seit der Antike als hervorragendes Baumaterial bekannt. Schon damals wusste man, dass Naturkalk als Wandfarbe bzw. Putz die natürlichste und beste Methode ist, Schimmel aus Wohnräumen fernzuhalten. Kalk wird in unserer Zeit zur dekorativen und hygienischen Wandgestaltung langsam wiederentdeckt. Er bleibt an der Wand atmungsaktiv (diffusionsoffen) und hat von Natur aus eine desinfizierende Wirkung. Kalkfarben und Putze sind hochatmungsaktiv, absolut lösemittelfrei, feuchtigkeitsregulierend und für den Innen- und Außenbereich geeignet. Kalk ergibt schöne, matte Oberflächen von höchster biologischer Qualität und einer einzigartigen Farbbrillanz.</h4>
</div></section><br />

<style type="text/css" data-created_by="avia_inline_auto" id="style-css-av-av_hr-a6de236e6c183bbbd700292deacd2b52">
#top .hr.hr-invisible.av-av_hr-a6de236e6c183bbbd700292deacd2b52{
height:20px;
}
</style>
<div  class='hr av-av_hr-a6de236e6c183bbbd700292deacd2b52 hr-invisible  avia-builder-el-3  el_after_av_textblock  el_before_av_textblock '><span class='hr-inner '><span class="hr-inner-style"></span></span></div><br />
<section  class='av_textblock_section av-av_textblock-0366cc7376be6c9e82a3e9cc8987b64f'  itemscope="itemscope" itemtype="https://schema.org/CreativeWork" ><div class='avia_textblock'  itemprop="text" ><h4>Mehr Informationen zum Baustoff Kalk</h4>
<h4><span style="color: #000080;"><strong>Baustoffhersteller Haga <a style="color: #000080;" href="http://www.haganatur.ch">www.haganatur.ch</a></strong></span></h4>
</div></section><br />

<style type="text/css" data-created_by="avia_inline_auto" id="style-css-av-av_hr-0688d0b0b6ed2f8b057db7a8270206df">
#top .hr.hr-invisible.av-av_hr-0688d0b0b6ed2f8b057db7a8270206df{
height:50px;
}
</style>
<div  class='hr av-av_hr-0688d0b0b6ed2f8b057db7a8270206df hr-invisible  avia-builder-el-5  el_after_av_textblock  avia-builder-el-last '><span class='hr-inner '><span class="hr-inner-style"></span></span></div></p></div>
<style type="text/css" data-created_by="avia_inline_auto" id="style-css-av-av_one_half-2a64de42b738552fe666ca889af77e28">
.flex_column.av-av_one_half-2a64de42b738552fe666ca889af77e28{
-webkit-border-radius:0px 0px 0px 0px;
-moz-border-radius:0px 0px 0px 0px;
border-radius:0px 0px 0px 0px;
padding:0px 0px 0px 0px;
}
</style>
<div class='flex_column av-av_one_half-2a64de42b738552fe666ca889af77e28 av_one_half  avia-builder-el-6  el_after_av_one_half  avia-builder-el-last  flex_column_div av-zero-column-padding '     ><p>
<style type="text/css" data-created_by="avia_inline_auto" id="style-css-av-av_hr-82badf901ce3dea894b5eb42b395baab">
#top .hr.hr-invisible.av-av_hr-82badf901ce3dea894b5eb42b395baab{
height:60px;
}
</style>
<div  class='hr av-av_hr-82badf901ce3dea894b5eb42b395baab hr-invisible  avia-builder-el-7  el_before_av_textblock  avia-builder-el-first '><span class='hr-inner '><span class="hr-inner-style"></span></span></div><br />
<section  class='av_textblock_section av-av_textblock-0366cc7376be6c9e82a3e9cc8987b64f'  itemscope="itemscope" itemtype="https://schema.org/CreativeWork" ><div class='avia_textblock'  itemprop="text" ></div></section><br />
<section  class='av_textblock_section av-av_textblock-0366cc7376be6c9e82a3e9cc8987b64f'  itemscope="itemscope" itemtype="https://schema.org/CreativeWork" ><div class='avia_textblock'  itemprop="text" ><p><img loading="lazy" decoding="async" class=" wp-image-3313" src="http://maler-bendfeld.de/wp-content/uploads/2015/08/kalk-1024x685.jpg" alt="SONY DSC" width="698" height="467" srcset="https://maler-bendfeld.de/wp-content/uploads/2015/08/kalk-1024x685.jpg 1024w, https://maler-bendfeld.de/wp-content/uploads/2015/08/kalk-300x201.jpg 300w, https://maler-bendfeld.de/wp-content/uploads/2015/08/kalk-705x472.jpg 705w, https://maler-bendfeld.de/wp-content/uploads/2015/08/kalk-450x301.jpg 450w, https://maler-bendfeld.de/wp-content/uploads/2015/08/kalk.jpg 1300w" sizes="auto, (max-width: 698px) 100vw, 698px" /></p>
</div></section></p></div></p>

<!-- This site is optimized with the Yoast SEO plugin v26.8 - https://yoast.com/product/yoast-seo-wordpress/ -->
<title>Kalk - Andreas Bendfeld Maler- und Lackierermeister | Fachkraft Lehmbau DVL</title>
<meta name="robots" content="index, follow, max-snippet:-1, max-image-preview:large, max-video-preview:-1" />
<link rel="canonical" href="https://maler-bendfeld.de/index.php/kalk/" />
<meta property="og:locale" content="de_DE" />
<meta property="og:type" content="article" />
<meta property="og:title" content="Kalk - Andreas Bendfeld Maler- und Lackierermeister | Fachkraft Lehmbau DVL" />
<meta property="og:url" content="https://maler-bendfeld.de/index.php/kalk/" />
<meta property="og:site_name" content="Andreas Bendfeld Maler- und Lackierermeister | Fachkraft Lehmbau DVL" />
<meta property="article:modified_time" content="2015-08-03T21:45:21+00:00" />
<meta property="og:image" content="http://maler-bendfeld.de/wp-content/uploads/2015/08/kalk-1024x685.jpg" />
<meta name="twitter:card" content="summary_large_image" />
<meta name="twitter:label1" content="Geschätzte Lesezeit" />
	<meta name="twitter:data1" content="2 Minuten" />
<script type="application/ld+json" class="yoast-schema-graph">{"@context":"https://schema.org","@graph":[{"@type":"WebPage","@id":"https://maler-bendfeld.de/index.php/kalk/","url":"https://maler-bendfeld.de/index.php/kalk/","name":"Kalk - Andreas Bendfeld Maler- und Lackierermeister | Fachkraft Lehmbau DVL","isPartOf":{"@id":"https://maler-bendfeld.de/#website"},"primaryImageOfPage":{"@id":"https://maler-bendfeld.de/index.php/kalk/#primaryimage"},"image":{"@id":"https://maler-bendfeld.de/index.php/kalk/#primaryimage"},"thumbnailUrl":"http://maler-bendfeld.de/wp-content/uploads/2015/08/kalk-1024x685.jpg","datePublished":"2015-08-03T08:25:59+00:00","dateModified":"2015-08-03T21:45:21+00:00","breadcrumb":{"@id":"https://maler-bendfeld.de/index.php/kalk/#breadcrumb"},"inLanguage":"de","potentialAction":[{"@type":"ReadAction","target":["https://maler-bendfeld.de/index.php/kalk/"]}]},{"@type":"ImageObject","inLanguage":"de","@id":"https://maler-bendfeld.de/index.php/kalk/#primaryimage","url":"http://maler-bendfeld.de/wp-content/uploads/2015/08/kalk-1024x685.jpg","contentUrl":"http://maler-bendfeld.de/wp-content/uploads/2015/08/kalk-1024x685.jpg"},{"@type":"BreadcrumbList","@id":"https://maler-bendfeld.de/index.php/kalk/#breadcrumb","itemListElement":[{"@type":"ListItem","position":1,"name":"Startseite","item":"https://maler-bendfeld.de/"},{"@type":"ListItem","position":2,"name":"Kalk"}]},{"@type":"WebSite","@id":"https://maler-bendfeld.de/#website","url":"https://maler-bendfeld.de/","name":"Andreas Bendfeld Maler- und Lackierermeister | Fachkraft Lehmbau DVL","description":"in Düsseldorf, Neuss, Kaarst und Umgebung","potentialAction":[{"@type":"SearchAction","target":{"@type":"EntryPoint","urlTemplate":"https://maler-bendfeld.de/?s={search_term_string}"},"query-input":{"@type":"PropertyValueSpecification","valueRequired":true,"valueName":"search_term_string"}}],"inLanguage":"de"}]}</script>
<!-- / Yoast SEO plugin. -->

in Düsseldorf, Neuss, Kaarst und Umgebung
